be (-4)/(-6) + 110/6. Calculate the greatest common divisor of n and c.
19
Suppose 0*r - 3*r + 15 = 0. Let y = -37 + 76. Suppose 66 = r*j - y. Calculate the greatest common divisor of 21 and j.
21
Suppose -y = -5*g - 370, -2*g = 5*y - 1186 - 610. Calculate the highest common factor of 45 and y.
45
Let p(t) = t**2 + 3*t - 10. Let c be p(4). Calculate the highest common factor of c and 18.
18
Let k(l) = l + 50. Let y be k(-23). What is the highest common divisor of 9 and y?
9
Let c(t) = -2*t - 7. Let s be c(-8). Suppose -2*i - 3*i - 560 = -3*d, 3*d - 2*i = 548. Let o be (-2)/(-4)*d/2. Calculate the greatest common factor of o and s.
9
Let o(s) = 7*s + 0 + 0 - 2 + 11*s**2 + s**3. Let u be o(-10). What is the highest common factor of 7 and u?
7
Let k be (81/4)/((-9)/(-48)). Let t be -1*(-2 - (-1 - 1)). Suppose t = 2*i - 0 - 24. Calculate the greatest common factor of i and k.
12
Let d(x) = -x**2 + 22*x + 32. Let p be d(23). What is the greatest common divisor of 1 and p?
1
Let q(s) = 3*s - 9*s + 1 - 2. Let u be q(-2). What is the greatest common divisor of u and 11?
11
Let n(g) = -2*g**3 + 2*g**2 - 5*g - 2. Let k be n(-5). Suppose -k = -3*m + 55. Calculate the highest common factor of m and 14.
14
Let j be (-2 + 3/2)*0. Let a = 4 - j. Calculate the greatest common factor of a and 12.
4
Let q be (2 + -3)/(1/(-3)). Suppose q*d + 2*p - 16 = d, 3*d - 3*p = -6. Let a be (0 - (3 - 8))*d. What is the greatest common factor of 5 and a?
5
Suppose p - 5*p + 396 = 0. What is the greatest common divisor of 9 and p?
9
Suppose -x + 28 = x. Suppose 8 = -10*z + x*z. What is the greatest common divisor of 18 and z?
2
Let d(i) = 10*i**2 + 6*i + 8. Let v be d(-2). Suppose -5*b - 4*s = -595 - 120, 429 = 3*b - 2*s. Let c = -53 + b. What is the highest common factor of c and v?
18
Let n = -52 - -78. Suppose 3*y = -0*y + 195. Calculate the highest common factor of y and n.
13
Let f = 184 - 124. What is the highest common factor of 12 and f?
12
Let n(l) = 3*l. Let v be n(1). Suppose -3*j - v*x = -12, 0*j + 3*x + 4 = j. Suppose -467 = -j*w + 105. Calculate the highest common factor of w and 13.
13
Let d(k) = k**3 - k**2 + 6*k - 3. Let b be d(2). Let i = -40 - -144. What is the greatest common divisor of b and i?
13
Suppose -2*t - 29 = -n, 5*n + 3*t - 41 = 65. What is the greatest common factor of 69 and n?
23
Let q(r) = 13*r. Let g = -12 + 13. Let u be q(g). Calculate the highest common factor of u and 13.
13
Suppose -2*y + 132 = y. Suppose 0 = 5*a - y - 111. What is the highest common divisor of a and 248?
31
Suppose -5*u - 2*w + 69 = 0, 3*u - 10 - 23 = 3*w. Let y = -102 - -57. Let d = y + 188. Calculate the greatest common factor of d and u.
13
Let s = -70 - -88. Calculate the highest common factor of s and 9.
9
Suppose -4 = 4*k, 2*w - 9 = -3*w - k. Calculate the greatest common divisor of w and 5.
1
Let o be 2 - (-2 - 42/3). Let x = 59 - 23. Suppose m + 2*m = x. What is the greatest common divisor of o and m?
6
Let z = -13 - -20. Suppose -z*v + 211 = -34. What is the highest common divisor of 5 and v?
5
Let y be 66/((-4)/3 + 2). What is the greatest common factor of 11 and y?
11
Let s be (-11 + 8)*(0 + 94/(-6)). Calculate the greatest common factor of 235 and s.
47
Let a be (0 + (-2)/(-6))*-6. Let f be (-62)/(-4) + (-1)/a. Calculate the greatest common divisor of 4 and f.
4
Suppose -3*i = -5*t + 115, -5*i = -t + 3*t - 46. What is the greatest common divisor of 46 and t?
23
Suppose 5*x - 27 = 4*c + 13, 13 = 2*x - c. Suppose -x*v = f - 1, 2*f = -0*f + 2*v + 12. Calculate the highest common factor of f and 15.
5
Let d be 64/(-6)*24/(-16). Calculate the highest common factor of 16 and d.
16
Suppose -3*f + f = 8. Let m = f + 17. Let c = m + -8. Calculate the highest common factor of c and 1.
1
Suppose -4*y + 228 = -72. Calculate the greatest common divisor of y and 15.
15
Let f be 937/11 + 18/(-99). What is the highest common divisor of f and 34?
17
Let h(z) = 2*z + 6. Let j be h(5). Suppose -3*t + 9 = -15. Calculate the highest common divisor of t and j.
8
Suppose -12*s = -7*s - 1045. What is the greatest common factor of s and 19?
19
Let k = 53 + -29. What is the greatest common divisor of k and 18?
6
Let t(l) = l**2 + 11*l - 12. Let d be t(-11). Let g = d - -24. Calculate the highest common factor of 48 and g.
12
Let f(p) = 39*p**2 - p - 1. Let l be f(-1). What is the greatest common divisor of 26 and l?
13
Suppose -3*b = -2*h - 8*b + 18, 2*b = 5*h - 16. Suppose 0 = h*s - 587 - 13. Calculate the greatest common factor of 60 and s.
30
Let s(m) = -2*m**3 - 6*m**2 - 4*m + 8. Let x be s(-4). What is the greatest common factor of 42 and x?
14
Suppose 0 = -4*k - 2*a + 208, -5*a - 3 = -13. Calculate the greatest common factor of k and 17.
17
Let z(v) = 56*v**2 + v + 1. Let i be z(-1). Let x be (72/(-20))/(2/(-10)). Let g = i - x. Calculate the highest common divisor of g and 95.
19
Let z = 384 + -224. Let n = 12 - -4. What is the greatest common divisor of n and z?
16
Suppose 0 = -g - 4, -50 = -u + 2*g. Calculate the greatest common divisor of 14 and u.
14
Suppose -3*p = 3 + 3, -3*j + 238 = -5*p. Suppose 9*d = 5*d + j. Let g(q) = 7*q**2 - 5*q + 2. Let t be g(5). Calculate the highest common factor of t and d.
19
Let r = 9 - -6. What is the greatest common factor of 105 and r?
15
Let u(n) = 50*n**2 + 3*n - 2. Let s be u(1). Let a(h) = -3*h - 7. Let j be a(-8). Calculate the greatest common factor of j and s.
17
Let r = 11 + -7. Let t(y) = -4 + 3*y - 8 + r. Let c be t(8). Calculate the highest common factor of c and 64.
16
Let x be 1/(22/(-187) + (-41)/(-204)). Calculate the greatest common factor of 18 and x.
6
Suppose -w + 20 = -5*f, -9*w + 3*f = -11*w + 1. Let u = -3 + 4. Calculate the greatest common factor of w and u.
1
Let g be -1 + -1 + 2 + 19. Calculate the highest common divisor of g and 209.
19
Let c(p) = -p**3 - p**2 - 4*p - 5. Let n(u) = u. Let s(b) = -c(b) - 4*n(b). Let f be s(0). Let k be (33/f)/(3/45). What is the highest common factor of 9 and k?
9
Suppose 12 = x + 5*v, 3*x + 3*v = -0*x + 12. Suppose 0 = x*a - a. Let w(h) = h**2 - h + 4. Let d be w(a). What is the greatest common factor of 1 and d?
1
Suppose 0*v + 3*v = 0. Suppose v = 2*x + 2*x - 72. What is the highest common factor of 36 and x?
18
Suppose -z + 684 = -5*p, -3*p - 154 - 266 = -3*z. Let m = p + 220. What is the greatest common divisor of m and 12?
12
Let l be 1/2*2 - -1. Let a be -1*l/(6/(-15)). Suppose -a*r = 10 + 10, -2*r - 40 = -2*i. Calculate the highest common factor of 16 and i.
16
Let m = -4 + 12. What is the greatest common divisor of m and 4?
4
Let w = -29 + 49. Suppose -3*o = -w - 16. Calculate the highest common factor of 6 and o.
6
Suppose 3*c + 79 = -4*x, -5*c + 10 = -3*x - 13. Let h be (1 + x)*(2 + -3). Calculate the greatest common divisor of h and 135.
15
Suppose 27 = 2*q - 2*l - 33, 4*q = -2*l + 102. What is the greatest common factor of 9 and q?
9
Let f(z) = -z**2 + 9*z - 14. Let v be f(4). Suppose i + 5*b = -19, b + 3*b = 3*i - 38. What is the highest common factor of i and v?
6
Suppose -i - i + 20 = 0. Suppose -2*d - 2*d + 2*z + 22 = 0, 2*z - 26 = -4*d. Let g be (d/(-8))/((-2)/40). What is the greatest common divisor of i and g?
5
Let p = -91 - -131. Calculate the highest common factor of 10 and p.
10
Let b = 33 + -27. What is the greatest common factor of 24 and b?
6
Suppose 61 + 95 = h. Calculate the greatest common factor of h and 39.
39
Let n(w) = -w**3 + 3*w**2 + 6*w - 2. Let l be n(4). What is the highest common factor of l and 54?
6
Suppose 2*j = 2*g - 52, -5*j - 43 = -g - 9. Calculate the highest common divisor of g and 60.
12
Suppose h = -3*h - 20, -2*h + 85 = 5*a. Suppose -2*i - 12 = t, -t = -3*i - 3*t - a. Let f = i - -8. Calculate the greatest common divisor of 6 and f.
3
Let j be 50/35*(8 - 1). Calculate the highest common factor of 5 and j.
5
Let w = 233 + -161. Let y(f) = -f. Let d be y(-8). Calculate the highest common factor of w and d.
8
Let x = 61 - 39. What is the greatest common factor of x and 55?
11
Suppose -b = -5*b + 20. Let m(a) = -12*a + 21. Let i be m(-2). Calculate the highest common divisor of i and b.
5
Let v = 3 + -2. Suppose -v = -z - 5. Let f = z + 5. What is the greatest common divisor of 2 and f?
1
Let w = 14 - -28. Calculate the greatest